x**3 + 2*x**2 - 1. Let i be z(2). Let l = i + -3. Calculate the highest common factor of l and 8.
4
Suppose 15 = -5*c, -63 = -u - 0*u - 3*c. Calculate the highest common divisor of u and 8.
8
Let v(i) = i**3 - 2*i**2 + 2*i + 2. Let j be v(-4). Let g = 58 + j. Let f be 2 + 1/((-2)/g). What is the greatest common divisor of f and 60?
12
Let z = -32 + 33. Calculate the greatest common divisor of 4 and z.
1
Suppose 3 = 3*l - 12. Suppose -2*q + 4*m = q - 14, l*q + 3*m = 4. Calculate the highest common divisor of 1 and q.
1
Suppose -1 = -3*h + 2. Let s(w) = 12*w**3 - w**2 + 2*w - 1. Let p be s(h). Calculate the greatest common factor of 6 and p.
6
Let u be (-22)/(-4) - (-2)/4. Suppose 4*l = 2*l - u. Let y be (2 - l) + 0 + 1. What is the greatest common factor of y and 6?
6
Let q = -32 + 48. What is the greatest common divisor of q and 4?
4
Suppose -4*r - 7*q = -2*q + 25, 2*r = 4*q + 20. Let n(f) = f**3 - f + 6. Let l be n(r). What is the greatest common divisor of l and 24?
6
Let h = -65 + 101. What is the highest common divisor of 24 and h?
12
Let y be 3 - (-3 + (-6)/(-2) + 1). Calculate the highest common divisor of y and 5.
1
Suppose 4*z - 7*z - 6 = 0. Let p be 5/((-2)/(-2)) - z. Suppose o + o = 4*q + 38, o + q = p. Calculate the greatest common divisor of o and 77.
11
Suppose -4*q + 4*i = -i - 111, -3*q + 3*i + 81 = 0. Calculate the greatest common factor of 12 and q.
12
Suppose 0*r + 2*p + 28 = 2*r, -4*r - 5*p + 83 = 0. What is the highest common factor of 68 and r?
17
Let x(h) = h**3 - h**2 + 1. Let i = 2 - 2. Let b be x(i). Let r = 28 - 20. Calculate the highest common factor of b and r.
1
Let h(p) = -4*p - 35. Let r be h(-14). What is the greatest common factor of r and 147?
21
Let w = 129 + -44. What is the greatest common factor of 17 and w?
17
Suppose 3*u - 9 - 3 = 0. Let x be -1 + -2 + (u - -3). Calculate the highest common divisor of 4 and x.
4
Let r be (-10)/((-2)/(2 - -2)). Let x = 2 + 3. Suppose 0 = -5*c + 3*c - x*s, -2*s = -c + 9. Calculate the highest common factor of r and c.
5
Let a be 30/8 + (-5)/(-20). Suppose -3*o - o + 52 = -f, 3*o - 26 = a*f. What is the highest common divisor of 2 and o?
2
Let f = -37 + 41. What is the greatest common divisor of 3 and f?
1
Let a = 260 - 172. What is the greatest common factor of 8 and a?
8
Let i be (-1 - -6)*(-96)/(-20). Let w(n) = n**3 + 9*n**2 - 2*n - 10. Let u be w(-9). Calculate the greatest common factor of u and i.
8
Let q(s) = -s**3 + 11*s**2 - 3*s - 10. Let b(h) = h**3 + h**2 + 10. Let y be b(0). Let z be q(y). What is the highest common factor of 40 and z?
20
Let f = -59 + 136. Suppose -u - 4*w + f = 2*u, w = u - 14. Calculate the greatest common divisor of u and 76.
19
Suppose 4*x - 14 = 3*x. Let n be (-1 + 3 - 0) + 0. Let l(p) = 7*p**3 - p + 2. Let v be l(n). Calculate the greatest common divisor of x and v.
14
Let g = 147 + -115. Suppose 57 = 2*j + 5*o, j + 3*j + 2*o - 74 = 0. What is the highest common divisor of j and g?
16
Let g(k) = -7*k - 44. Let x be g(-10). What is the greatest common factor of x and 104?
26
Let c be 4/(-4 - -2)*-56. Let a(d) = -2*d**3 - 2. Let f be a(-2). What is the highest common factor of c and f?
14
Suppose -b - 10 = -11. Calculate the highest common divisor of b and 9.
1
Let q(k) = k**2 + 10*k + 6. Let v be q(-10). What is the greatest common factor of 66 and v?
6
Suppose -50 = -0*w - 5*w. Calculate the greatest common factor of w and 40.
10
Suppose -48 = -4*p + 3*c, 9*c + 44 = 4*p + 5*c. What is the greatest common factor of 9 and p?
3
Suppose -2*d + r = 6*r - 36, -3*d + 49 = 5*r. Suppose 0 = u + 1 - d. Calculate the highest common factor of 18 and u.
6
Let l be 13/11 + 0 + 20/(-110). Calculate the highest common divisor of l and 19.
1
Suppose -4*o + r - 2 = -o, 12 = 2*o - 4*r. Let m = o - -6. Let d be m + -1 - (2 - 4). What is the greatest common factor of d and 5?
5
Suppose 5*f = 5*s - 3 - 2, 2*s + 1 = -f. Let o be f/(3/12)*-7. Let c = o + -17. Calculate the highest common factor of 55 and c.
11
Let q = 19 - 1. Let u be (25/10*18)/1. Calculate the greatest common factor of q and u.
9
Let g(t) = 3*t**2 - 2*t**3 + 2 - 3 - 2*t**2 - 5*t**2. Let s be g(-3). What is the greatest common divisor of s and 187?
17
Let k = -49 - -83. Calculate the greatest common divisor of k and 34.
34
Let j = -8 - -13. Suppose o + j*a = -0 - 17, -4*a = 4*o - 12. Calculate the greatest common factor of o and 1.
1
Let o(i) = 2*i**2 + 1. Let g be o(2). What is the highest common factor of 45 and g?
9
Suppose -4*k + 7 = 35. Let n = k + 52. What is the greatest common divisor of n and 18?
9
Let c(d) = d**3 - 9*d**2 - 11*d + 22. Let n be c(10). Calculate the greatest common divisor of n and 96.
12
Suppose -y + 3*y - a = 49, -5*y + 121 = -a. Let d = -16 + y. Let l = 187 + -99. Calculate the highest common factor of l and d.
8
Suppose -3*m - m + 36 = 4*t, 5*t = 5*m - 25. Let x = 1 + m. Calculate the greatest common divisor of x and 32.
8
Let v(f) = f**2 + 3*f + 48. Let k be v(0). Suppose -3*q + 6 = -12. What is the greatest common factor of k and q?
6
Suppose g = 3*s + 49, -g + 0*g + 2*s + 44 = 0. Suppose 0 = -r + 3*a + 16, -8*r + 2*a + g = -5*r. What is the highest common divisor of 20 and r?
10
Let f be (-8)/(-52) + (-835)/(-65). What is the highest common factor of 104 and f?
13
Suppose 9*b - 797 = 22. Calculate the highest common factor of b and 26.
13
Let c = -4 + -9. Let j = c - -19. Let b be (-99)/j*(-40)/6. Calculate the greatest common divisor of 10 and b.
10
Let n(m) = -m**2 - 5*m. Let p be n(-5). Suppose 5*o = -p*o + 15. Let z(y) = 5*y. Let q be z(o). Calculate the highest common factor of 105 and q.
15
Suppose 0 = -4*i + 7 + 5, -3*z = 2*i - 63. Let m = 119 - -90. Calculate the highest common factor of m and z.
19
Suppose j + 357 + 91 = 2*b, -2*j = -2*b + 446. Calculate the highest common factor of b and 25.
25
Suppose -2*t + 6*u - 5 = 3*u, 0 = 5*t + 4*u - 45. Let z(k) = 2*k - 7. Let c be z(t). What is the greatest common divisor of 27 and c?
3
Let k be -2 + 3 - 5*-3. Let r be (4/(-5))/((-10)/100). Calculate the highest common factor of k and r.
8
Suppose 2*f - 42 = -f. What is the highest common divisor of 112 and f?
14
Let f(m) be the first derivative of m**4/4 + m**3 - 3*m**2 - 4*m - 2. Let n be f(-4). Let q = -90 - -134. Calculate the greatest common divisor of q and n.
4
Suppose 0 = 5*n - 5*b - 1250, -5*n + 5*b + 1241 = 3*b. Suppose -193 - n = -4*g. What is the highest common factor of g and 22?
22
Suppose -4*v + 2*v + 40 = 0. What is the greatest common factor of 60 and v?
20
Let d = 2 - -15. Calculate the highest common factor of d and 68.
17
Let r be 1/(-2)*8/(-2). Suppose 0 = 17*y - 14*y - 684. Suppose 24 - y = -r*k. What is the greatest common factor of 17 and k?
17
Let h(r) = 4 - 14*r + 14*r + 2*r**2. Let z be h(-8). Calculate the greatest common divisor of 12 and z.
12
Let m = -47 + 22. Let y be 1/(4/m)*-4. Let q = -15 - -20. Calculate the highest common factor of q and y.
5
Suppose 6 = 2*b - 18. Calculate the highest common divisor of 12 and b.
12
Let v = -6 - -4. Let a be (-90)/(-1) + v + 2. What is the greatest common divisor of 18 and a?
18
Suppose -2*n - 6 = -4*n. Suppose -19 = n*z - 7. Let o be -105*(3 + z)/3. What is the highest common divisor of o and 5?
5
Suppose 0 = 4*u - 30 + 18. Suppose 2*r - 22 = -r + 4*v, u*v = -3*r - 6. What is the greatest common factor of 2 and r?
2
Let s(n) = 2*n**2 + 6*n + 2. Let j be s(-4). Let m = j + 4. Suppose -c = -4*w - 56, c - 5*w + 280 = 6*c. What is the greatest common divisor of m and c?
14
Let n be ((-110)/11)/((-1)/(-2)). Let m be ((-120)/100)/(2/n). Calculate the highest common factor of m and 60.
12
Let v be (-4 - 2)*(-20)/6. What is the highest common divisor of v and 5?
5
Suppose -i - 600 = -6*i. What is the greatest common divisor of 24 and i?
24
Suppose 1 = 5*q - 4. Let m be q/1 - (2 - 47). Calculate the greatest common divisor of m and 115.
23
Suppose l - 54 - 5 = 0. Let p = -35 + l. What is the highest common factor of 120 and p?
24
Suppose 4*d + 6*f - f + 4 = 0, 2*d + 3*f = -4. Let n be -4 + d - (2 - 50). Calculate the highest common factor of 6 and n.
6
Suppose -2*z = -0*z + 5*b - 71, 5*z - 230 = -2*b. Let v(r) = -r**2 + 9*r - 2. Let d be v(7). Calculate the highest common factor of d and z.
12
